Let m = -9050 - -19007. What is the thousands digit of m?
9
Let w = 19 + -22. Let g(t) = -5*t**3 - 5*t**2 - 12*t - 7. What is the units digit of g(w)?
9
Suppose -t = -6*t + 3*f + 74, 4*f - 1 = -t. Suppose -t*w + 1756 = 378. What is the units digit of w?
6
Let s(r) = 7*r**2 - 3*r + 35. Let y be s(7). Suppose -9*j + y - 2022 = 0. What is the units digit of (-16)/(-4)*j/(-4)?
5
Let v(t) = -42*t - 4. Let q be v(9). Let w = q - -571. What is the hundreds digit of w?
1
Let g = -8106 - -12021. What is the thousands digit of g?
3
Let h(g) = 423*g**2 + 8*g - 1. Let m be h(3). Suppose -m = -3*f - y, -5*f - y = -2030 - 4352. What is the tens digit of f?
7
Let g(h) = 2*h + 23. Let m be g(-15). Let f be (-46*3/(-12))/(m/(-126)). Suppose -x - x + f = -r, 105 = x - r. What is the units digit of x?
2
What is the thousands digit of (-839575)/(-100) - 6/8?
8
Let x = 2261 + 770. Suppose 3*n = -5*z + x, -4*z + 8*z - 2420 = -4*n. What is the units digit of z?
8
Suppose -197*q - 37*q + 1527608 = 23*q. What is the thousands digit of q?
5
Suppose 22*h = 26*h. Suppose h = 14*s + 221 - 1005. What is the tens digit of s?
5
Let f(w) = -571*w + 24. Let s(u) = -u**3 + 39*u**2 - 1. Let j be s(39). What is the hundreds digit of f(j)?
5
Suppose 3*x + 4*j = 1 + 11, -3*j + 9 = 0. Let g be 1/(-1)*(-4 + x + 1). Suppose -3*u + u + 248 = r, -12 = -g*r. What is the units digit of u?
2
Suppose -2*m - 2*s = 3*s - 3, 2*s = m + 12. Let d(w) = 11*w**2 - 50*w - 8. What is the hundreds digit of d(m)?
6
Let n = -3009 + 12974. What is the hundreds digit of n?
9
Let z be ((-2)/(-6))/((-3)/(-54)). Suppose 2989 + 641 = z*i. What is the tens digit of i?
0
Let b = -6179 - -35429. What is the thousands digit of b?
9
Let r(u) = 1212*u**2 - 64*u + 26. What is the hundreds digit of r(3)?
7
Let w(s) = -s**3 - 7*s**2 - 6*s - 29. Let i be w(-13). Suppose -4*m - 371 = -i. What is the tens digit of m?
7
Let w = 5813 - 4064. Suppose 8*d = 3*x + 4*d - w, -2*x + 1166 = -d. What is the units digit of x?
3
Suppose 6*c = 2*c + 28. What is the tens digit of (-3)/5 - c/((-210)/9648)?
2
Let o(s) = 7*s**2 + 5*s + 32. Let w be o(8). Let m be w*1/(-2)*-4. Suppose -98 = 3*d - 4*y - 878, m = 4*d + 4*y. What is the units digit of d?
0
Suppose 4*b - 98 = -3*q, 9 = b - q - 12. Suppose -23892 - 8193 = -b*l. What is the thousands digit of l?
1
Let m = 179 + -124. Let x = m - 52. Suppose 4*f + g - 164 = 69, 3*g = -x*f + 177. What is the tens digit of f?
5
Let p be 5021/7 + (-4)/14 + -2. Suppose 2*g = p - 61. What is the tens digit of g?
2
Let s(y) = -4*y**2 + 10*y + 24. Let r be s(7). What is the hundreds digit of ((-97)/(-3) + -3)/((-4)/r)?
7
What is the tens digit of ((-18)/30 - (-2 - -1)) + 222870/75?
7
Suppose 3*h + 2988 = g - 1069, -4*g + 16252 = -9*h. What is the units digit of g?
1
Let j = -4398 - -13631. What is the hundreds digit of j?
2
Suppose 51*y - 50874 = 101718. Suppose 47*h - 45*h = y. What is the units digit of h?
6
Suppose 2*z - 5*u = 82, -3*u + u - 76 = -2*z. What is the hundreds digit of ((-2250)/z)/((-3)/6)?
1
What is the thousands digit of (9612/15)/((-40)/(-100))?
1
Suppose 312*a - s = 310*a + 32385, -15 = -3*s. What is the thousands digit of a?
6
What is the hundreds digit of (-7912)/(-115)*((-15)/10 + 4)?
1
Let l = 1321 + -688. Suppose -30*q - l + 9273 = 0. What is the tens digit of q?
8
Suppose -8 = 2*d - 4*o, 3*d - 5*o + 9 - 1 = 0. What is the tens digit of 175/45 - d - (-53240)/45?
8
Suppose t - 4*l - 1882 = l, 5*l = -2*t + 3749. What is the thousands digit of t?
1
Let z = -149 + 125. Let r(n) = n**3 + 24*n**2 - 26*n + 47. What is the units digit of r(z)?
1
What is the tens digit of 1 + -10 + -17 + 5768?
4
Suppose 2*i + 5 = 17, 2*v = 4*i + 18276. What is the tens digit of v?
5
Let i(k) = 9*k**2 - 9*k + 95. Let m be i(17). Suppose 2*p = -5*n + m, 5*p - 504 = -5*n + 4*n. What is the units digit of n?
9
Let k(g) = -72*g**2 - 2 + 94*g**2 + 3*g + 90*g**2. What is the hundreds digit of k(2)?
4
Let j(g) = -2*g + 3. Let c(i) = -3*i + 2. Let s(u) = -3*c(u) + 4*j(u). Let t be s(6). Suppose -7*r = -8*r + t. What is the tens digit of r?
1
Let a(z) = 12*z**2 - 5*z - 2. Let o be a(2). Suppose -o*j - 48053 = -65*j. What is the units digit of j?
7
Suppose -57598 = -4*m + 2*i, -43191 = -3*m + 15*i - 11*i. What is the thousands digit of m?
4
Suppose 46*m - 2351188 = -216*m. What is the hundreds digit of m?
9
Suppose 95*f - 99*f = -a - 9210, 0 = -f + 3*a + 2308. What is the hundreds digit of f?
3
Let l = -252 - -759. Let p = l - 312. What is the tens digit of p?
9
Let n(m) = -2*m**2 - 11*m - 32. Let i be n(-5). What is the units digit of 18/(-27) - (-3)/(i/(-609))?
7
Suppose -1972 = -2*w - 3*w + 2*g, w = g + 395. Let z be (217 + 4 - -6)/(0 - -1). Let m = w - z. What is the hundreds digit of m?
1
Let f = -21 - -22. Let d = f + 1. Suppose -3*o - 536 = -5*u, -3*o - 89 = -d*u + 120. What is the tens digit of u?
0
Let v(m) = m**3 - 6*m**2 + 7*m - 11. Let b be v(5). Let g = 3 - b. What is the tens digit of (-58)/g*(-108)/18?
8
Let w = -13392 + 19892. What is the tens digit of w?
0
Suppose l - 1734 + 237 = 0. Suppose -3*i + l = 3*d, 0*d - 4*i - 2028 = -4*d. What is the hundreds digit of d?
5
Let c be 6 + (-5 + 4)*-2. What is the hundreds digit of (-1665)/(-10) - c/16?
1
Suppose -308*t + 1914642 = -53*t + 51*t. What is the units digit of t?
7
Let l = -136 + 191. Let i = l + 211. What is the tens digit of i?
6
What is the hundreds digit of 113849/4 - ((-4)/(-16))/(48 + -47)?
4
Let a(i) = -i + 3. Let x be 63/(-42)*(-1 - 1). Let v be a(x). What is the units digit of 9 + -12 - (v + -14)?
1
Suppose 0 = -14*h + 43*h - 77387 - 137184. What is the hundreds digit of h?
3
Suppose 0 = 2*h + 148*f - 151*f - 15, f = 3*h - 5. Suppose h = -87*d + 79*d + 3288. What is the hundreds digit of d?
4
Let r = 2154 - 454. What is the tens digit of r?
0
Let j be (1 + (1 - 23))/((-2)/20). Let i = j + -149. Let m = 56 + i. What is the units digit of m?
7
Let o(v) = -8*v**3 - 21*v**2 - 52*v + 21. What is the tens digit of o(-16)?
4
Let o = 49 - 48. Let a be (-2)/12 - (179/6 - o). Let t = a - -42. What is the units digit of t?
3
Let s = 16054 + -13399. What is the tens digit of s?
5
Let t(l) = 2*l**3 + 54*l**2 + 17*l - 75. What is the hundreds digit of t(-15)?
0
Let t(g) = 495*g - 2668. What is the hundreds digit of t(38)?
1
Let m = -17 + 23. Suppose 35 = m*i - i. Suppose -i = -r + 68. What is the units digit of r?
5
Suppose -4*f - 12 = 0, 4*t + 3*f - 64 = -f. Let i = -27 + t. What is the tens digit of i*(1258/(-104) - 4/26)?
9
Let z(d) = d**2 - 12*d + 8. Let m be z(11). What is the tens digit of m/(6/444*-2)?
1
Let v be (-3108)/(-15) - 4/(-5). Let d = v + 83. What is the hundreds digit of d?
2
Suppose -b = 3*z - 2684 - 814, -4664 = -4*z - 3*b. Suppose -6046 = -8*o - z. What is the units digit of o?
0
Suppose 3*a + 2*k = 35, 6*a + 4*k - 57 = a. Suppose -a*s + 65 - 13 = 0. Suppose -s*p - 3*i = -69, 6*i - 32 = -2*p + 2*i. What is the tens digit of p?
1
Let t = 38632 + -16117. What is the hundreds digit of t?
5
Suppose -6*z + 0*z + 588 = 0. Let l = 101 - z. Suppose -2*p + 4*a + 34 = 0, -p = -0*p + l*a + 8. What is the units digit of p?
7
Suppose -148*l + 327635 = -125*l. What is the units digit of l?
5
Let q(l) = -2*l**3 - 45*l**2 - 398*l + 124. What is the ten thousands digit of q(-26)?
1
Let v = 4200 - -5327. What is the hundreds digit of v?
5
What is the thousands digit of 22147 + 90/6 + -1?
2
Let u(s) be the third derivative of -s**6/120 - s**5/30 + s**4/24 - 7*s**3/6 + 3*s**2. Let n be u(-3). What is the units digit of n/4 + 5035/76?
6
Let n(h) be the second derivative of h**5/20 + 3*h**4/4 + h**3 + 6*h**2 - 2*h + 23. Let s be n(-6). Let m = s - -8. What is the units digit of m?
2
Suppose 0 = -4*h + 108 + 220. Let c = h + 109. What is the tens digit of c?
9
Let q be (-50)/(-175) - (16038/7)/(-3). Suppose -3*j + q = -4*c, 1025 = -j + 5*j + c. What is the hundreds digit of j?
2
Suppose -5*l + 10*l = 35. Suppose -l*a = a - 48. What is the units digit of a*(52/(-12) + 2 + 3)?
4
Let h = -8 - -45. Suppose -h = -2*s + 11. Suppose -5*y = -4*y - s. What is the units digit of y?
4
Let g be 2 + (5 - 3)/(-1). Suppose g = -m + 5*m - 284. Let z = m + -68. What is the units digit of z?
3
Let h(v) = v**2 - 95*v - 946. What is the thousands digit of h(141)?
5
Wh